v + 101. Let w(p) = -2*p**2 - 9*p - 13. Let y be w(-6). Let m = y - v. What is the highest common factor of m and 21?
7
Let n = -77 + 84. Suppose 0 = 2*m - n*c + 2*c - 675, -m + c + 336 = 0. Let w = m - 131. Calculate the greatest common divisor of 51 and w.
51
Suppose -z + 34 + 62 = 0. Let y(a) = -75*a - 3547. Let w be y(-49). Calculate the greatest common factor of w and z.
32
Let y be (2/(-5))/(5/(-3 - 147)). Suppose -y*w + 2*r = -13*w - 5, -2 = -2*w - r. Calculate the greatest common factor of 69 and w.
3
Let f(g) = 5*g + 27. Let j be f(2). Let l = j - 19. Calculate the greatest common factor of l and 27.
9
Suppose -51 = -6*k - 39. Suppose -3*h - 45 = -k*t, 0 = -t + 4*h + 19 + 1. What is the greatest common divisor of t and 6?
6
Suppose -4*m + 187 + 470 = 3*t, -477 = -3*m + 3*t. Calculate the greatest common factor of m and 2214.
54
Suppose -296800 = 54971*s - 54985*s. What is the greatest common divisor of s and 53?
53
Let p be (-42)/(-1 - 4/4). Suppose -2*h = -5*g + p, 4*g - h - 13 - 2 = 0. Let b be g*(-4)/12*-8. What is the highest common divisor of 20 and b?
4
Suppose -3*o + 5*d + 5 = o, -2*o + 5*d + 5 = 0. Suppose o = -5*t - 5*x + 20, -6*t = -2*t - 5*x - 34. What is the highest common divisor of 14 and t?
2
Let k = 83 - 81. Let v(i) = 10*i**3 - 2*i**2 + 3*i - 3. Let n be v(k). What is the highest common divisor of n and 30?
15
Let o be 18 + 429/(-22) + (-5025)/(-6). Calculate the highest common factor of 176 and o.
44
Suppose 5*u - 7*u = l - 405, 3*l + 3*u - 1221 = 0. Suppose -x = -k + 709, 4*k = 3*x - l + 3250. What is the highest common factor of k and 42?
42
Let s = -62 + 96. Suppose -6*q + 2011 = -257. Let p = q - 327. What is the highest common factor of s and p?
17
Let t(d) = 274*d - 4. Let y be t(4). Let r = -38871 + 38897. What is the highest common factor of r and y?
26
Let u = -121 + 296. Let o = -50249 + 50274. Calculate the greatest common factor of o and u.
25
Suppose -72 = -2*i - 5*c + 118, -30 = -5*c. What is the highest common divisor of 13520 and i?
80
Let h be (6 + 308/(-70))/((-2)/(-345)). Calculate the greatest common factor of h and 2898.
138
Suppose 168 = 168*x - 161*x. Let h(r) = r**3 - 25*r**2 + 26*r + 84. Let c be h(x). What is the greatest common divisor of c and 297?
33
Suppose -2*t = -2, -2*t = 69*a - 67*a - 898. Calculate the greatest common divisor of 5488 and a.
112
Suppose 7*f + 0*f + 14*f = 12705. What is the greatest common factor of 5 and f?
5
Suppose 205*d - 345 - 96 = -31. Let s = 8 + -2. Calculate the greatest common factor of d and s.
2
Let f(g) = 12*g + 49. Let y be f(14). What is the highest common factor of 155 and y?
31
Let a = 553 + -505. Calculate the greatest common factor of a and 87.
3
Let a = 4030 + -3669. Calculate the highest common factor of 152 and a.
19
Let a = -245 - -314. Let p be ((-45)/(-12))/(a/1288). What is the greatest common factor of 210 and p?
70
Let u(k) = -k**3 - 4*k**2 + 2*k. Let i be u(-5). Suppose -n = -c + 8, -c - 23*n = -21*n - 2. Calculate the greatest common factor of c and i.
3
Let l be 4/(-8)*(-8 + -8). Let w be (-42)/l*(-16)/12. Calculate the greatest common factor of w and 49.
7
Let r(x) = x**2 + x + 9. Let l = 8 - 12. Let i be r(l). Let p = 1395 + -1381. What is the highest common factor of p and i?
7
Suppose 404 = -5*j - 3*o, 4*j - 2*o + 270 = -62. Suppose -139 = 2*r + 5*i - 45, 4*r = 3*i - 162. Let y = r - j. What is the highest common factor of 5 and y?
5
Let r = 2 - 4. Let g be (r + 4)*121/22. Let j be (-154)/g*(-2 - 0). Calculate the greatest common divisor of j and 8.
4
Let c = -171 + 409. Let t be (6/(-6))/((-2)/c). What is the greatest common factor of 51 and t?
17
Let g be (-198)/(-10) - 8/10. Suppose -20*j = -g*j - 17. What is the greatest common factor of j and 697?
17
Let j be 30/(-9) - -3 - (-4202)/6. Suppose -33*v + j = -31*v. Let b be (3/2)/(21/v). Calculate the highest common factor of 275 and b.
25
Let u be (226 - -1) + ((-1)/2)/(36/360). What is the greatest common factor of 5217 and u?
111
Suppose -5*h = 28*a - 29*a - 3099, -5*h + 5*a + 3075 = 0. What is the highest common divisor of 46 and h?
23
Suppose 0 = -2*z + 11 + 11. Let p(l) = -2*l - 1. Let s be p(-1). Let u = s + z. What is the greatest common divisor of u and 9?
3
Let s = -1238 - -2103. What is the greatest common factor of s and 15?
5
Let p = 172 - 170. Suppose -f - 211 = -5*f - c, -113 = -p*f + c. What is the highest common factor of 36 and f?
18
Suppose r + 29 = 3*z + 22, 5*z + 5*r - 45 = 0. Suppose 4*s + 31 = 3*v, z*v + 16*s - 58 = 13*s. What is the highest common factor of v and 39?
13
Let l = 111 - 93. Suppose 6 = -2*s, 4*o + l = -3*s + 69. Calculate the highest common factor of 120 and o.
15
Suppose 11218*d - 65340 = 11206*d. What is the highest common factor of 90 and d?
45
Suppose 20*a - 828 = 17*a. Suppose -13 - 35 = -4*k. Calculate the highest common divisor of k and a.
12
Suppose -3*h = -5*d + d - 2218, -25*h = 3*d - 18774. What is the highest common divisor of h and 3875?
125
Let l = 149 - 87. Let a = -46 + l. Let z(y) = 3*y**2 + 4*y + 1. Let t be z(7). What is the highest common divisor of a and t?
16
Suppose -5*d + 360 = -2*x, 2*d - 2*x + 66 - 204 = 0. Suppose 0 = 2*b, -474*y + 469*y - 4*b = -555. What is the greatest common divisor of d and y?
37
Let i(d) = 72*d - 12. Suppose 18 = -7*g + 32. Let l be i(g). What is the greatest common factor of 4 and l?
4
Let c be -2 - -2 - -2 - (29 + -26). Let y be 3 + 15 + -4 - c. Let a = 23 - y. Calculate the highest common divisor of a and 8.
8
Let p(q) = -q**3 + 3*q**2 + q - 3. Let t be p(-1). Suppose -7*c + 2*c + 3*v + 897 = t, 5*c - 905 = -5*v. What is the highest common divisor of c and 495?
45
Suppose -1717 = -149*d + 2455. What is the highest common factor of 1253 and d?
7
Suppose -61*j + 52 = -74*j. Let w be j/(-2) - (-4 - (-64)/(-8)). Calculate the greatest common factor of 112 and w.
14
Let m(q) = 88*q**3 + 5*q - 17. Let b be m(2). What is the greatest common factor of b and 136?
17
Let s = 11654 + -11624. Calculate the highest common divisor of 4110 and s.
30
Let m be (-831352)/(-88) - ((-679)/77 + 9). Calculate the highest common factor of m and 282.
141
Suppose 0 = 76*v - 88*v - 240. Let d be v/2*((-1815)/30 - -15). Calculate the greatest common factor of d and 35.
35
Suppose 10*x = 8*x + 10. Suppose 5*o - 9205 = 2*k, -x*o - 4*k + 8*k = -9215. Suppose -7*a = -o - 163. What is the highest common divisor of 26 and a?
26
Let k = 121 + -117. Let l be k/8 + (-1474)/(-4). What is the highest common divisor of l and 41?
41
Let v = -43 - -94. Let w be (2352/(-72))/((-4)/18). Let j = -113 + w. Calculate the highest common factor of j and v.
17
Let s = 4793 - 1461. Calculate the greatest common factor of 136 and s.
68
Let c be (-22 - -5) + 380/4. What is the greatest common factor of 1612 and c?
26
Suppose 267*m - 6997 + 2458 = 0. Let o = 130 - 54. Suppose -w + 18 = 4*c, -2*c + o = 2*w - 4*c. What is the highest common factor of m and w?
17
Let a = 12735 + 5538. Calculate the highest common divisor of 3 and a.
3
Suppose 390 + 800 = -5*j. Let k = -235 - j. Calculate the highest common factor of k and 381.
3
Suppose -3*i - 487 = 4*v + 443, 4*v - 1582 = 5*i. Let h = i + 316. What is the greatest common divisor of 10 and h?
2
Let g(c) = 2*c**3 - 25*c**2 + 145*c + 16. Let v be g(9). What is the highest common factor of v and 52?
26
Suppose -441*k = -419*k - 110. What is the highest common divisor of k and 103?
1
Let q = 3553 + -3238. What is the highest common divisor of q and 18?
9
Suppose -3*i + 6*i + 12 = 5*k, 4*i + 5 = 3*k. What is the highest common divisor of k and 141?
3
Suppose -3*x + g = -8*x + 1652, 3*g = -3*x + 996. Let a(f) = -238*f - 4968. Let u be a(-21). What is the highest common divisor of x and u?
30
Let x(v) = -20*v + 824. Let p be x(6). Calculate the highest common divisor of p and 24.
8
Let y be 93 + 1 + (-54 + 96 - 61). Let s be (-50)/2*(-3 + 2). Calculate the highest common factor of y and s.
25
Suppose -2*p = -1 - 5, 0 = 3*k + 4*p - 51. Suppose -k*m = -33 - 71. What is the highest common factor of m and 12?
4
Suppose -3*h = -15, -4*i = i - h - 15. Calculate the greatest common divisor of i and 436.
4
Let y = -100 - -106. Let t(a) = 14 + 2*a - 11 + y*a. Let u be t(3). Calculate the greatest common fact